{"id":947,"date":"2024-05-26T21:49:00","date_gmt":"2024-05-26T19:49:00","guid":{"rendered":"https:\/\/flodesaintbau.fr\/?post_type=product&#038;p=947"},"modified":"2024-06-10T13:27:54","modified_gmt":"2024-06-10T11:27:54","slug":"le-vacancier","status":"publish","type":"product","link":"https:\/\/flodesaintbau.fr\/index.php\/produit\/le-vacancier\/","title":{"rendered":"Le Vacancier"},"content":{"rendered":"<p>Des couleurs gaies et un tissu enduit habillent ce sac \u00e0 dos malin.<\/p>\n<p>Pourquoi malin ? Parce que sa fermeture s\u00e9curis\u00e9e se cache contre votre dos lorsque vous le portez. Bien pratique pendant les vacances dans les lieux de visite bond\u00e9s : vos affaires seront\u00a0 l&rsquo;abri et votre esprit sera tranquille. Un renfort en mousse lui conf\u00e8re une tenue irr\u00e9prochable.<\/p>\n<p>Sangles r\u00e9glables, deux poches plaqu\u00e9es \u00e0 l&rsquo;int\u00e9rieur.<\/p>\n<p><em>Patron sous licence \u00a0\u00bb Sacotin \u00ab\u00a0. Vous trouverez une \u00e9tiquette de licence cousue \u00e0 l&rsquo;int\u00e9rieur du sac.<\/em><\/p>\n","protected":false},"excerpt":{"rendered":"<p>Des couleurs gaies et un tissu enduit habillent ce sac \u00e0 dos malin. Pourquoi malin ? Parce que sa fermeture s\u00e9curis\u00e9e se cache contre votre dos lorsque vous le portez. Bien pratique pendant les vacances dans les lieux de visite bond\u00e9s : vos affaires seront\u00a0 l&rsquo;abri et votre esprit sera tranquille. Un renfort en mousse&hellip; <a class=\"more-link\" href=\"https:\/\/flodesaintbau.fr\/index.php\/produit\/le-vacancier\/\">Poursuivre la lecture <span class=\"screen-reader-text\">Le Vacancier<\/span><\/a><\/p>\n","protected":false},"featured_media":886,"comment_status":"open","ping_status":"closed","template":"","meta":[],"product_cat":[25],"product_tag":[],"class_list":{"0":"post-947","1":"product","2":"type-product","3":"status-publish","4":"has-post-thumbnail","6":"product_cat-piece-unique","7":"entry","9":"first","10":"instock","11":"shipping-taxable","12":"purchasable","13":"product-type-simple"},"jetpack_sharing_enabled":true,"_links":{"self":[{"href":"https:\/\/flodesaintbau.fr\/index.php\/wp-json\/wp\/v2\/product\/947","targetHints":{"allow":["GET"]}}],"collection":[{"href":"https:\/\/flodesaintbau.fr\/index.php\/wp-json\/wp\/v2\/product"}],"about":[{"href":"https:\/\/flodesaintbau.fr\/index.php\/wp-json\/wp\/v2\/types\/product"}],"replies":[{"embeddable":true,"href":"https:\/\/flodesaintbau.fr\/index.php\/wp-json\/wp\/v2\/comments?post=947"}],"wp:featuredmedia":[{"embeddable":true,"href":"https:\/\/flodesaintbau.fr\/index.php\/wp-json\/wp\/v2\/media\/886"}],"wp:attachment":[{"href":"https:\/\/flodesaintbau.fr\/index.php\/wp-json\/wp\/v2\/media?parent=947"}],"wp:term":[{"taxonomy":"product_cat","embeddable":true,"href":"https:\/\/flodesaintbau.fr\/index.php\/wp-json\/wp\/v2\/product_cat?post=947"},{"taxonomy":"product_tag","embeddable":true,"href":"https:\/\/flodesaintbau.fr\/index.php\/wp-json\/wp\/v2\/product_tag?post=947"}],"curies":[{"name":"wp","href":"https:\/\/api.w.org\/{rel}","templated":true}]}}