{"id":648,"date":"2024-05-22T22:05:19","date_gmt":"2024-05-22T20:05:19","guid":{"rendered":"https:\/\/flodesaintbau.fr\/?post_type=product&#038;p=648"},"modified":"2025-07-11T06:59:21","modified_gmt":"2025-07-11T04:59:21","slug":"lessentiel","status":"publish","type":"product","link":"https:\/\/flodesaintbau.fr\/index.php\/produit\/lessentiel\/","title":{"rendered":"L&rsquo;Essentiel"},"content":{"rendered":"<p>Ce petit sac bandouli\u00e8re a le format id\u00e9al qui vous permettra d&#8217;emmener juste ce qu&rsquo;il vous faut pour sortir. Son simili cuir matelass\u00e9, ses boucles dor\u00e9es et sa sangle en cuir \u00e9pais lui donne un petit air distingu\u00e9.<\/p>\n","protected":false},"excerpt":{"rendered":"<p>Ce petit sac bandouli\u00e8re a le format id\u00e9al qui vous permettra d&#8217;emmener juste ce qu&rsquo;il vous faut pour sortir. Son simili cuir matelass\u00e9, ses boucles dor\u00e9es et sa sangle en cuir \u00e9pais lui donne un petit air distingu\u00e9.<\/p>\n","protected":false},"featured_media":649,"comment_status":"open","ping_status":"closed","template":"","meta":[],"product_cat":[46],"product_tag":[],"class_list":{"0":"post-648","1":"product","2":"type-product","3":"status-publish","4":"has-post-thumbnail","6":"product_cat-trop-tard","7":"entry","9":"first","10":"outofstock","11":"shipping-taxable","12":"purchasable","13":"product-type-simple"},"jetpack_sharing_enabled":true,"_links":{"self":[{"href":"https:\/\/flodesaintbau.fr\/index.php\/wp-json\/wp\/v2\/product\/648","targetHints":{"allow":["GET"]}}],"collection":[{"href":"https:\/\/flodesaintbau.fr\/index.php\/wp-json\/wp\/v2\/product"}],"about":[{"href":"https:\/\/flodesaintbau.fr\/index.php\/wp-json\/wp\/v2\/types\/product"}],"replies":[{"embeddable":true,"href":"https:\/\/flodesaintbau.fr\/index.php\/wp-json\/wp\/v2\/comments?post=648"}],"wp:featuredmedia":[{"embeddable":true,"href":"https:\/\/flodesaintbau.fr\/index.php\/wp-json\/wp\/v2\/media\/649"}],"wp:attachment":[{"href":"https:\/\/flodesaintbau.fr\/index.php\/wp-json\/wp\/v2\/media?parent=648"}],"wp:term":[{"taxonomy":"product_cat","embeddable":true,"href":"https:\/\/flodesaintbau.fr\/index.php\/wp-json\/wp\/v2\/product_cat?post=648"},{"taxonomy":"product_tag","embeddable":true,"href":"https:\/\/flodesaintbau.fr\/index.php\/wp-json\/wp\/v2\/product_tag?post=648"}],"curies":[{"name":"wp","href":"https:\/\/api.w.org\/{rel}","templated":true}]}}