{"id":2454,"date":"2025-06-25T05:51:34","date_gmt":"2025-06-25T03:51:34","guid":{"rendered":"https:\/\/flodesaintbau.fr\/?post_type=product&#038;p=2454"},"modified":"2025-07-11T06:34:57","modified_gmt":"2025-07-11T04:34:57","slug":"kaki-dore","status":"publish","type":"product","link":"https:\/\/flodesaintbau.fr\/index.php\/produit\/kaki-dore\/","title":{"rendered":"Kaki dor\u00e9"},"content":{"rendered":"<p>Joli sac port\u00e9 main en coton textur\u00e9 kaki upcycl\u00e9 et jolie toile de jute beige paillet\u00e9e.<\/p>\n<p>Ni trop grand, ni trop petit, il pourra accueillir vos affaires pour vos ballades cet \u00e9t\u00e9 : vos papiers, le t\u00e9l\u00e9phone, le porte monnaie, une petite gourde un livre, de la cr\u00e8me solaire\u2026.. Il comprend \u00e9galement une poche int\u00e9rieure zipp\u00e9e, et des pressions pour le fermer.<\/p>\n<p>Des bandes de sequins dor\u00e9s rajoutent encore plus de paillettes : \u00e7a va briller cet \u00e9t\u00e9 !!<\/p>\n<p>dimensions\u00a0 largeur 36 cm hauteur 22 cm<\/p>\n","protected":false},"excerpt":{"rendered":"<p>Joli sac port\u00e9 main en coton textur\u00e9 kaki upcycl\u00e9 et jolie toile de jute beige paillet\u00e9e. Ni trop grand, ni trop petit, il pourra accueillir vos affaires pour vos ballades cet \u00e9t\u00e9 : vos papiers, le t\u00e9l\u00e9phone, le porte monnaie, une petite gourde un livre, de la cr\u00e8me solaire\u2026.. Il comprend \u00e9galement une poche int\u00e9rieure&hellip; <a class=\"more-link\" href=\"https:\/\/flodesaintbau.fr\/index.php\/produit\/kaki-dore\/\">Poursuivre la lecture <span class=\"screen-reader-text\">Kaki dor\u00e9<\/span><\/a><\/p>\n","protected":false},"featured_media":2462,"comment_status":"open","ping_status":"closed","template":"","meta":[],"product_cat":[40,23,38],"product_tag":[],"class_list":{"0":"post-2454","1":"product","2":"type-product","3":"status-publish","4":"has-post-thumbnail","6":"product_cat-nouveau","7":"product_cat-sac-a-main","8":"product_cat-upcycling","9":"entry","11":"first","12":"instock","13":"shipping-taxable","14":"purchasable","15":"product-type-simple"},"jetpack_sharing_enabled":true,"_links":{"self":[{"href":"https:\/\/flodesaintbau.fr\/index.php\/wp-json\/wp\/v2\/product\/2454","targetHints":{"allow":["GET"]}}],"collection":[{"href":"https:\/\/flodesaintbau.fr\/index.php\/wp-json\/wp\/v2\/product"}],"about":[{"href":"https:\/\/flodesaintbau.fr\/index.php\/wp-json\/wp\/v2\/types\/product"}],"replies":[{"embeddable":true,"href":"https:\/\/flodesaintbau.fr\/index.php\/wp-json\/wp\/v2\/comments?post=2454"}],"wp:featuredmedia":[{"embeddable":true,"href":"https:\/\/flodesaintbau.fr\/index.php\/wp-json\/wp\/v2\/media\/2462"}],"wp:attachment":[{"href":"https:\/\/flodesaintbau.fr\/index.php\/wp-json\/wp\/v2\/media?parent=2454"}],"wp:term":[{"taxonomy":"product_cat","embeddable":true,"href":"https:\/\/flodesaintbau.fr\/index.php\/wp-json\/wp\/v2\/product_cat?post=2454"},{"taxonomy":"product_tag","embeddable":true,"href":"https:\/\/flodesaintbau.fr\/index.php\/wp-json\/wp\/v2\/product_tag?post=2454"}],"curies":[{"name":"wp","href":"https:\/\/api.w.org\/{rel}","templated":true}]}}