{"id":2448,"date":"2025-06-25T05:52:11","date_gmt":"2025-06-25T03:52:11","guid":{"rendered":"https:\/\/flodesaintbau.fr\/?post_type=product&#038;p=2448"},"modified":"2025-06-26T07:03:03","modified_gmt":"2025-06-26T05:03:03","slug":"jean-paillete","status":"publish","type":"product","link":"https:\/\/flodesaintbau.fr\/index.php\/produit\/jean-paillete\/","title":{"rendered":"Jean paillet\u00e9"},"content":{"rendered":"<p>Joli sac port\u00e9 main en jean upcycl\u00e9 et jolie toile de jute blanche paillet\u00e9e.<\/p>\n<p>Ni trop grand, ni trop petit, il pourra accueillir vos affaires pour vos ballades cet \u00e9t\u00e9 : vos papiers, le t\u00e9l\u00e9phone, le porte monnaie, une petite gourde un livre, de la cr\u00e8me solaire&#8230;.. Il comprend \u00e9galement une poche int\u00e9rieure zipp\u00e9e.<\/p>\n<p>Il apportera la touche paillet\u00e9e discr\u00e8te et \u00e9l\u00e9gante \u00e0 vos tenues.<\/p>\n<p>dimensions hauteur 22 cm largeur 30 cm<\/p>\n","protected":false},"excerpt":{"rendered":"<p>Joli sac port\u00e9 main en jean upcycl\u00e9 et jolie toile de jute blanche paillet\u00e9e. Ni trop grand, ni trop petit, il pourra accueillir vos affaires pour vos ballades cet \u00e9t\u00e9 : vos papiers, le t\u00e9l\u00e9phone, le porte monnaie, une petite gourde un livre, de la cr\u00e8me solaire&#8230;.. Il comprend \u00e9galement une poche int\u00e9rieure zipp\u00e9e. Il&hellip; <a class=\"more-link\" href=\"https:\/\/flodesaintbau.fr\/index.php\/produit\/jean-paillete\/\">Poursuivre la lecture <span class=\"screen-reader-text\">Jean paillet\u00e9<\/span><\/a><\/p>\n","protected":false},"featured_media":2460,"comment_status":"open","ping_status":"closed","template":"","meta":[],"product_cat":[40,23,38],"product_tag":[],"class_list":{"0":"post-2448","1":"product","2":"type-product","3":"status-publish","4":"has-post-thumbnail","6":"product_cat-nouveau","7":"product_cat-sac-a-main","8":"product_cat-upcycling","9":"entry","11":"first","12":"instock","13":"shipping-taxable","14":"purchasable","15":"product-type-simple"},"jetpack_sharing_enabled":true,"_links":{"self":[{"href":"https:\/\/flodesaintbau.fr\/index.php\/wp-json\/wp\/v2\/product\/2448","targetHints":{"allow":["GET"]}}],"collection":[{"href":"https:\/\/flodesaintbau.fr\/index.php\/wp-json\/wp\/v2\/product"}],"about":[{"href":"https:\/\/flodesaintbau.fr\/index.php\/wp-json\/wp\/v2\/types\/product"}],"replies":[{"embeddable":true,"href":"https:\/\/flodesaintbau.fr\/index.php\/wp-json\/wp\/v2\/comments?post=2448"}],"wp:featuredmedia":[{"embeddable":true,"href":"https:\/\/flodesaintbau.fr\/index.php\/wp-json\/wp\/v2\/media\/2460"}],"wp:attachment":[{"href":"https:\/\/flodesaintbau.fr\/index.php\/wp-json\/wp\/v2\/media?parent=2448"}],"wp:term":[{"taxonomy":"product_cat","embeddable":true,"href":"https:\/\/flodesaintbau.fr\/index.php\/wp-json\/wp\/v2\/product_cat?post=2448"},{"taxonomy":"product_tag","embeddable":true,"href":"https:\/\/flodesaintbau.fr\/index.php\/wp-json\/wp\/v2\/product_tag?post=2448"}],"curies":[{"name":"wp","href":"https:\/\/api.w.org\/{rel}","templated":true}]}}