{"id":2416,"date":"2025-05-21T19:17:48","date_gmt":"2025-05-21T17:17:48","guid":{"rendered":"https:\/\/flodesaintbau.fr\/?post_type=product&#038;p=2416"},"modified":"2025-05-21T22:40:32","modified_gmt":"2025-05-21T20:40:32","slug":"sac-menthe-a-leau","status":"publish","type":"product","link":"https:\/\/flodesaintbau.fr\/index.php\/produit\/sac-menthe-a-leau\/","title":{"rendered":"Sac \u00ab\u00a0menthe \u00e0 l&rsquo;eau\u00a0\u00bb"},"content":{"rendered":"<p>Un petit pratique\u00a0 sac aux couleurs toute douces pour cet \u00e9t\u00e9 !!!<\/p>\n<p>Ce sac \u00ab\u00a0Menthe \u00e0 l&rsquo;Eau\u00a0\u00bb a la taille id\u00e9ale pour y caser tout ce dont on a besoin sans \u00eatre trop grand . La doublure fleurie assortie, la poche assortie et la sangle r\u00e9glable kaki viennent parfaire le tout. Il est r\u00e9alis\u00e9 dans le similicuir toile beach star amande\u00a0 de chez La Mercerie des Cr\u00e9ateurs.<\/p>\n<p>&nbsp;<\/p>\n<p>dimensions : largeur 30 cm hauteur 22 cm profondeur 10 cm<\/p>\n<p>les articles \u00e9tant tous faits \u00e0 la main, les dimensions peuvent varier l\u00e9g\u00e8rement<\/p>\n","protected":false},"excerpt":{"rendered":"<p>Un petit pratique\u00a0 sac aux couleurs toute douces pour cet \u00e9t\u00e9 !!! Ce sac \u00ab\u00a0Menthe \u00e0 l&rsquo;Eau\u00a0\u00bb a la taille id\u00e9ale pour y caser tout ce dont on a besoin sans \u00eatre trop grand . La doublure fleurie assortie, la poche assortie et la sangle r\u00e9glable kaki viennent parfaire le tout. Il est r\u00e9alis\u00e9 dans&hellip; <a class=\"more-link\" href=\"https:\/\/flodesaintbau.fr\/index.php\/produit\/sac-menthe-a-leau\/\">Poursuivre la lecture <span class=\"screen-reader-text\">Sac \u00ab\u00a0menthe \u00e0 l&rsquo;eau\u00a0\u00bb<\/span><\/a><\/p>\n","protected":false},"featured_media":2424,"comment_status":"open","ping_status":"closed","template":"","meta":[],"product_cat":[40,23],"product_tag":[],"class_list":{"0":"post-2416","1":"product","2":"type-product","3":"status-publish","4":"has-post-thumbnail","6":"product_cat-nouveau","7":"product_cat-sac-a-main","8":"entry","10":"first","11":"instock","12":"shipping-taxable","13":"purchasable","14":"product-type-simple"},"jetpack_sharing_enabled":true,"_links":{"self":[{"href":"https:\/\/flodesaintbau.fr\/index.php\/wp-json\/wp\/v2\/product\/2416","targetHints":{"allow":["GET"]}}],"collection":[{"href":"https:\/\/flodesaintbau.fr\/index.php\/wp-json\/wp\/v2\/product"}],"about":[{"href":"https:\/\/flodesaintbau.fr\/index.php\/wp-json\/wp\/v2\/types\/product"}],"replies":[{"embeddable":true,"href":"https:\/\/flodesaintbau.fr\/index.php\/wp-json\/wp\/v2\/comments?post=2416"}],"wp:featuredmedia":[{"embeddable":true,"href":"https:\/\/flodesaintbau.fr\/index.php\/wp-json\/wp\/v2\/media\/2424"}],"wp:attachment":[{"href":"https:\/\/flodesaintbau.fr\/index.php\/wp-json\/wp\/v2\/media?parent=2416"}],"wp:term":[{"taxonomy":"product_cat","embeddable":true,"href":"https:\/\/flodesaintbau.fr\/index.php\/wp-json\/wp\/v2\/product_cat?post=2416"},{"taxonomy":"product_tag","embeddable":true,"href":"https:\/\/flodesaintbau.fr\/index.php\/wp-json\/wp\/v2\/product_tag?post=2416"}],"curies":[{"name":"wp","href":"https:\/\/api.w.org\/{rel}","templated":true}]}}