{"id":2407,"date":"2025-05-27T06:40:56","date_gmt":"2025-05-27T04:40:56","guid":{"rendered":"https:\/\/flodesaintbau.fr\/?post_type=product&#038;p=2407"},"modified":"2025-07-17T05:56:44","modified_gmt":"2025-07-17T03:56:44","slug":"sac-vitamines","status":"publish","type":"product","link":"https:\/\/flodesaintbau.fr\/index.php\/produit\/sac-vitamines\/","title":{"rendered":"Sac \u00ab\u00a0Vitamines\u00a0\u00bb"},"content":{"rendered":"<p>Un petit pratique\u00a0 sac aux couleurs vitamin\u00e9es pour cet \u00e9t\u00e9 !!!<\/p>\n<p>Ce sac \u00ab\u00a0Vitamines\u00a0\u00bb a la taille id\u00e9ale pour y caser tout ce dont on a besoin sans \u00eatre trop grand . La doublure imprim\u00e9e assortie, la poche assortie et la sangle r\u00e9glable aux couleurs pimpantes viennent parfaire le tout. Il est r\u00e9alis\u00e9 dans le similicuir outdoor orange de chez La Mercerie des Cr\u00e9ateurs, un simili qui a toute la beaut\u00e9 du cuir : un grain d\u00e9licat et un touch\u00e9 souple.<\/p>\n<p>&nbsp;<\/p>\n<p>dimensions : largeur 30 cm hauteur 22 cm profondeur 10 cm<\/p>\n<p>les articles \u00e9tant tous faits \u00e0 la main, les dimensions peuvent varier l\u00e9g\u00e8rement<\/p>\n","protected":false},"excerpt":{"rendered":"<p>Un petit pratique\u00a0 sac aux couleurs vitamin\u00e9es pour cet \u00e9t\u00e9 !!! Ce sac \u00ab\u00a0Vitamines\u00a0\u00bb a la taille id\u00e9ale pour y caser tout ce dont on a besoin sans \u00eatre trop grand . La doublure imprim\u00e9e assortie, la poche assortie et la sangle r\u00e9glable aux couleurs pimpantes viennent parfaire le tout. Il est r\u00e9alis\u00e9 dans le&hellip; <a class=\"more-link\" href=\"https:\/\/flodesaintbau.fr\/index.php\/produit\/sac-vitamines\/\">Poursuivre la lecture <span class=\"screen-reader-text\">Sac \u00ab\u00a0Vitamines\u00a0\u00bb<\/span><\/a><\/p>\n","protected":false},"featured_media":2409,"comment_status":"open","ping_status":"closed","template":"","meta":[],"product_cat":[40,23,46],"product_tag":[],"class_list":{"0":"post-2407","1":"product","2":"type-product","3":"status-publish","4":"has-post-thumbnail","6":"product_cat-nouveau","7":"product_cat-sac-a-main","8":"product_cat-trop-tard","9":"entry","11":"first","12":"outofstock","13":"shipping-taxable","14":"purchasable","15":"product-type-simple"},"jetpack_sharing_enabled":true,"_links":{"self":[{"href":"https:\/\/flodesaintbau.fr\/index.php\/wp-json\/wp\/v2\/product\/2407","targetHints":{"allow":["GET"]}}],"collection":[{"href":"https:\/\/flodesaintbau.fr\/index.php\/wp-json\/wp\/v2\/product"}],"about":[{"href":"https:\/\/flodesaintbau.fr\/index.php\/wp-json\/wp\/v2\/types\/product"}],"replies":[{"embeddable":true,"href":"https:\/\/flodesaintbau.fr\/index.php\/wp-json\/wp\/v2\/comments?post=2407"}],"wp:featuredmedia":[{"embeddable":true,"href":"https:\/\/flodesaintbau.fr\/index.php\/wp-json\/wp\/v2\/media\/2409"}],"wp:attachment":[{"href":"https:\/\/flodesaintbau.fr\/index.php\/wp-json\/wp\/v2\/media?parent=2407"}],"wp:term":[{"taxonomy":"product_cat","embeddable":true,"href":"https:\/\/flodesaintbau.fr\/index.php\/wp-json\/wp\/v2\/product_cat?post=2407"},{"taxonomy":"product_tag","embeddable":true,"href":"https:\/\/flodesaintbau.fr\/index.php\/wp-json\/wp\/v2\/product_tag?post=2407"}],"curies":[{"name":"wp","href":"https:\/\/api.w.org\/{rel}","templated":true}]}}