{"id":2400,"date":"2025-05-07T19:00:16","date_gmt":"2025-05-07T17:00:16","guid":{"rendered":"https:\/\/flodesaintbau.fr\/?post_type=product&#038;p=2400"},"modified":"2025-05-08T06:05:30","modified_gmt":"2025-05-08T04:05:30","slug":"sac-baguette-orange-and-black","status":"publish","type":"product","link":"https:\/\/flodesaintbau.fr\/index.php\/produit\/sac-baguette-orange-and-black\/","title":{"rendered":"Sac Baguette Orange and Black"},"content":{"rendered":"<p>Ce sac baguette est ultra f\u00e9minin et un petit cot\u00e9 seventies qu&rsquo;on aime bien. L&rsquo;alliance des deux simili cuir de qualit\u00e9 lui donne un air pr\u00e9cieux. Sa sangle courte permet un port\u00e9 \u00e9paule classique du sac baguette. Il poss\u00e8de une poche zipp\u00e9e int\u00e9rieure et un fermoir aimant\u00e9 vient tenir le rabat \u00e0 sa place.<\/p>\n<p>Admirez le contraste de ces deux couleurs, la petite fleur sur le rabat, les surpiqures de qualit\u00e9&#8230;<\/p>\n<p>Dimensions : longueur 27,5 cm, hauteur 14 cm profondeur 6 cm<\/p>\n<p>Les articles \u00e9tant tous faits \u00e0 la main, les dimensions peuvent varier l\u00e9g\u00e8rement<\/p>\n","protected":false},"excerpt":{"rendered":"<p>Ce sac baguette est ultra f\u00e9minin et un petit cot\u00e9 seventies qu&rsquo;on aime bien. L&rsquo;alliance des deux simili cuir de qualit\u00e9 lui donne un air pr\u00e9cieux. Sa sangle courte permet un port\u00e9 \u00e9paule classique du sac baguette. Il poss\u00e8de une poche zipp\u00e9e int\u00e9rieure et un fermoir aimant\u00e9 vient tenir le rabat \u00e0 sa place. Admirez&hellip; <a class=\"more-link\" href=\"https:\/\/flodesaintbau.fr\/index.php\/produit\/sac-baguette-orange-and-black\/\">Poursuivre la lecture <span class=\"screen-reader-text\">Sac Baguette Orange and Black<\/span><\/a><\/p>\n","protected":false},"featured_media":2403,"comment_status":"open","ping_status":"closed","template":"","meta":[],"product_cat":[40,23],"product_tag":[],"class_list":{"0":"post-2400","1":"product","2":"type-product","3":"status-publish","4":"has-post-thumbnail","6":"product_cat-nouveau","7":"product_cat-sac-a-main","8":"entry","10":"first","11":"instock","12":"shipping-taxable","13":"purchasable","14":"product-type-simple"},"jetpack_sharing_enabled":true,"_links":{"self":[{"href":"https:\/\/flodesaintbau.fr\/index.php\/wp-json\/wp\/v2\/product\/2400","targetHints":{"allow":["GET"]}}],"collection":[{"href":"https:\/\/flodesaintbau.fr\/index.php\/wp-json\/wp\/v2\/product"}],"about":[{"href":"https:\/\/flodesaintbau.fr\/index.php\/wp-json\/wp\/v2\/types\/product"}],"replies":[{"embeddable":true,"href":"https:\/\/flodesaintbau.fr\/index.php\/wp-json\/wp\/v2\/comments?post=2400"}],"wp:featuredmedia":[{"embeddable":true,"href":"https:\/\/flodesaintbau.fr\/index.php\/wp-json\/wp\/v2\/media\/2403"}],"wp:attachment":[{"href":"https:\/\/flodesaintbau.fr\/index.php\/wp-json\/wp\/v2\/media?parent=2400"}],"wp:term":[{"taxonomy":"product_cat","embeddable":true,"href":"https:\/\/flodesaintbau.fr\/index.php\/wp-json\/wp\/v2\/product_cat?post=2400"},{"taxonomy":"product_tag","embeddable":true,"href":"https:\/\/flodesaintbau.fr\/index.php\/wp-json\/wp\/v2\/product_tag?post=2400"}],"curies":[{"name":"wp","href":"https:\/\/api.w.org\/{rel}","templated":true}]}}