{"id":2154,"date":"2024-11-27T18:20:36","date_gmt":"2024-11-27T17:20:36","guid":{"rendered":"https:\/\/flodesaintbau.fr\/?post_type=product&#038;p=2154"},"modified":"2025-04-07T21:13:43","modified_gmt":"2025-04-07T19:13:43","slug":"sac-sherpa","status":"publish","type":"product","link":"https:\/\/flodesaintbau.fr\/index.php\/produit\/sac-sherpa\/","title":{"rendered":"Sac Sherpa"},"content":{"rendered":"<p>Le sac de l&rsquo;hiver ! Dans un superbe tissu bouclette de qualit\u00e9 d&rsquo;ameublement, ce sac tout douillet et moelleux jouera sa star ! D&rsquo;une belle contenance, il poss\u00e8de une grand poche zipp\u00e9e int\u00e9rieure. Sa sangle port\u00e9e \u00e9paule est en cuir \u00e9pais qui garantie une bonne tenue.<\/p>\n<p>Dimensions : hauteur 28 cm largeur 38 cm profondeur 10 cm<\/p>\n<p>les articles \u00e9tant tous faits \u00e0 la main, les dimensions peuvent varier l\u00e9g\u00e8rement<\/p>\n<p>&nbsp;<\/p>\n","protected":false},"excerpt":{"rendered":"<p>Le sac de l&rsquo;hiver ! Dans un superbe tissu bouclette de qualit\u00e9 d&rsquo;ameublement, ce sac tout douillet et moelleux jouera sa star ! D&rsquo;une belle contenance, il poss\u00e8de une grand poche zipp\u00e9e int\u00e9rieure. Sa sangle port\u00e9e \u00e9paule est en cuir \u00e9pais qui garantie une bonne tenue. Dimensions : hauteur 28 cm largeur 38 cm profondeur&hellip; <a class=\"more-link\" href=\"https:\/\/flodesaintbau.fr\/index.php\/produit\/sac-sherpa\/\">Poursuivre la lecture <span class=\"screen-reader-text\">Sac Sherpa<\/span><\/a><\/p>\n","protected":false},"featured_media":2158,"comment_status":"open","ping_status":"closed","template":"","meta":[],"product_cat":[23],"product_tag":[],"class_list":{"0":"post-2154","1":"product","2":"type-product","3":"status-publish","4":"has-post-thumbnail","6":"product_cat-sac-a-main","7":"entry","9":"first","10":"instock","11":"shipping-taxable","12":"purchasable","13":"product-type-variable"},"jetpack_sharing_enabled":true,"_links":{"self":[{"href":"https:\/\/flodesaintbau.fr\/index.php\/wp-json\/wp\/v2\/product\/2154","targetHints":{"allow":["GET"]}}],"collection":[{"href":"https:\/\/flodesaintbau.fr\/index.php\/wp-json\/wp\/v2\/product"}],"about":[{"href":"https:\/\/flodesaintbau.fr\/index.php\/wp-json\/wp\/v2\/types\/product"}],"replies":[{"embeddable":true,"href":"https:\/\/flodesaintbau.fr\/index.php\/wp-json\/wp\/v2\/comments?post=2154"}],"wp:featuredmedia":[{"embeddable":true,"href":"https:\/\/flodesaintbau.fr\/index.php\/wp-json\/wp\/v2\/media\/2158"}],"wp:attachment":[{"href":"https:\/\/flodesaintbau.fr\/index.php\/wp-json\/wp\/v2\/media?parent=2154"}],"wp:term":[{"taxonomy":"product_cat","embeddable":true,"href":"https:\/\/flodesaintbau.fr\/index.php\/wp-json\/wp\/v2\/product_cat?post=2154"},{"taxonomy":"product_tag","embeddable":true,"href":"https:\/\/flodesaintbau.fr\/index.php\/wp-json\/wp\/v2\/product_tag?post=2154"}],"curies":[{"name":"wp","href":"https:\/\/api.w.org\/{rel}","templated":true}]}}