{"id":2079,"date":"2024-11-24T21:31:41","date_gmt":"2024-11-24T20:31:41","guid":{"rendered":"https:\/\/flodesaintbau.fr\/?post_type=product&#038;p=2079"},"modified":"2025-04-07T21:17:09","modified_gmt":"2025-04-07T19:17:09","slug":"sac-bandouliere","status":"publish","type":"product","link":"https:\/\/flodesaintbau.fr\/index.php\/produit\/sac-bandouliere\/","title":{"rendered":"Sac bandouli\u00e8re"},"content":{"rendered":"<p>Le petit sac bien pratique avec sa sangle r\u00e9glable pour le porter \u00e0 l&rsquo;\u00e9paule ou en bandouli\u00e8re. Un seul compartiment pour y loger le n\u00e9cessaire et avoir tout \u00e0 port\u00e9e de main.<\/p>\n<p>&nbsp;<\/p>\n<p>dimensions : largeur 22 cm hauteur 13 cm profondeur 7 cm<\/p>\n<p>les articles \u00e9tant tous faits \u00e0 la main, les dimensions peuvent varier l\u00e9g\u00e8rement<\/p>\n<p>&nbsp;<\/p>\n<p>&nbsp;<\/p>\n","protected":false},"excerpt":{"rendered":"<p>Le petit sac bien pratique avec sa sangle r\u00e9glable pour le porter \u00e0 l&rsquo;\u00e9paule ou en bandouli\u00e8re. Un seul compartiment pour y loger le n\u00e9cessaire et avoir tout \u00e0 port\u00e9e de main. &nbsp; dimensions : largeur 22 cm hauteur 13 cm profondeur 7 cm les articles \u00e9tant tous faits \u00e0 la main, les dimensions peuvent&hellip; <a class=\"more-link\" href=\"https:\/\/flodesaintbau.fr\/index.php\/produit\/sac-bandouliere\/\">Poursuivre la lecture <span class=\"screen-reader-text\">Sac bandouli\u00e8re<\/span><\/a><\/p>\n","protected":false},"featured_media":2082,"comment_status":"open","ping_status":"closed","template":"","meta":[],"product_cat":[23],"product_tag":[],"class_list":{"0":"post-2079","1":"product","2":"type-product","3":"status-publish","4":"has-post-thumbnail","6":"product_cat-sac-a-main","7":"entry","9":"first","10":"instock","11":"sale","12":"shipping-taxable","13":"purchasable","14":"product-type-variable"},"jetpack_sharing_enabled":true,"_links":{"self":[{"href":"https:\/\/flodesaintbau.fr\/index.php\/wp-json\/wp\/v2\/product\/2079","targetHints":{"allow":["GET"]}}],"collection":[{"href":"https:\/\/flodesaintbau.fr\/index.php\/wp-json\/wp\/v2\/product"}],"about":[{"href":"https:\/\/flodesaintbau.fr\/index.php\/wp-json\/wp\/v2\/types\/product"}],"replies":[{"embeddable":true,"href":"https:\/\/flodesaintbau.fr\/index.php\/wp-json\/wp\/v2\/comments?post=2079"}],"wp:featuredmedia":[{"embeddable":true,"href":"https:\/\/flodesaintbau.fr\/index.php\/wp-json\/wp\/v2\/media\/2082"}],"wp:attachment":[{"href":"https:\/\/flodesaintbau.fr\/index.php\/wp-json\/wp\/v2\/media?parent=2079"}],"wp:term":[{"taxonomy":"product_cat","embeddable":true,"href":"https:\/\/flodesaintbau.fr\/index.php\/wp-json\/wp\/v2\/product_cat?post=2079"},{"taxonomy":"product_tag","embeddable":true,"href":"https:\/\/flodesaintbau.fr\/index.php\/wp-json\/wp\/v2\/product_tag?post=2079"}],"curies":[{"name":"wp","href":"https:\/\/api.w.org\/{rel}","templated":true}]}}