{"id":1408,"date":"2024-07-15T21:55:02","date_gmt":"2024-07-15T19:55:02","guid":{"rendered":"https:\/\/flodesaintbau.fr\/?post_type=product&#038;p=1408"},"modified":"2024-08-12T06:15:29","modified_gmt":"2024-08-12T04:15:29","slug":"beach-party-a-personnaliser","status":"publish","type":"product","link":"https:\/\/flodesaintbau.fr\/index.php\/produit\/beach-party-a-personnaliser\/","title":{"rendered":"Beach Party \u00e0 personnaliser"},"content":{"rendered":"<p>Personnalisez votre Beach Party en choisissant la couleur de la toile \u00e0 sac et \u00e9galement celle du texte. Bien sur, votre Beach Party sera accompagn\u00e9 de ses 2 pochettes sur lesquelles le texte sera inscrit \u00e9galement.<\/p>\n<p>Il se pr\u00e9sente pli\u00e9 dans sa trousse qui se casera facilement dans votre valise. Quand vous serez \u00e0 la plage, cette trousse pourra accueillir la cr\u00e8me solaire, votre bouquin, votre \u00e9tui \u00e0 lunettes\u2026. Et pour ne pas chercher d\u00e9sesp\u00e9r\u00e9ment vos cl\u00e9s de voiture, votre t\u00e9l\u00e9phone et vos sous, une autre pochette amovible vient s\u2019accrocher \u00e0 la anse du sac gr\u00e2ce \u00e0 sa dragonne pressionn\u00e9e. Cette m\u00eame dragonne pourra se glisser autour de votre poignet le temps de courir apr\u00e8s le vendeur de beignets.<\/p>\n<p>Une petite d\u00e9mo\u00a0 ? <a href=\"https:\/\/www.instagram.com\/reel\/C8RtN2Soc_S\/?igsh=ZHlpaXV3eHVjejMw\"><em>Beach Party<\/em><\/a><\/p>\n<p>Si vous souhaitez un texte autre que \u00ab\u00a0Flo De Saint Bau\u00a0\u00bb , cela ne pose aucun probl\u00e8me, nous en conviendrons par message. Faites vous plaisir !<\/p>\n<p>&nbsp;<\/p>\n<p>&nbsp;<\/p>\n<p><em>@cr\u00e9dit photo La Mercerie des Cr\u00e9ateurs<\/em>\u00a0 pour les photos des diff\u00e9rentes couleurs de toile \u00e0 sac<\/p>\n<p>&nbsp;<\/p>\n","protected":false},"excerpt":{"rendered":"<p>Personnalisez votre Beach Party en choisissant la couleur de la toile \u00e0 sac et \u00e9galement celle du texte. Bien sur, votre Beach Party sera accompagn\u00e9 de ses 2 pochettes sur lesquelles le texte sera inscrit \u00e9galement. Il se pr\u00e9sente pli\u00e9 dans sa trousse qui se casera facilement dans votre valise. Quand vous serez \u00e0 la&hellip; <a class=\"more-link\" href=\"https:\/\/flodesaintbau.fr\/index.php\/produit\/beach-party-a-personnaliser\/\">Poursuivre la lecture <span class=\"screen-reader-text\">Beach Party \u00e0 personnaliser<\/span><\/a><\/p>\n","protected":false},"featured_media":1499,"comment_status":"open","ping_status":"closed","template":"","meta":[],"product_cat":[22],"product_tag":[],"class_list":{"0":"post-1408","1":"product","2":"type-product","3":"status-publish","4":"has-post-thumbnail","6":"product_cat-ensemble-beach-party","7":"entry","9":"first","10":"instock","11":"shipping-taxable","12":"purchasable","13":"product-type-variable"},"jetpack_sharing_enabled":true,"_links":{"self":[{"href":"https:\/\/flodesaintbau.fr\/index.php\/wp-json\/wp\/v2\/product\/1408","targetHints":{"allow":["GET"]}}],"collection":[{"href":"https:\/\/flodesaintbau.fr\/index.php\/wp-json\/wp\/v2\/product"}],"about":[{"href":"https:\/\/flodesaintbau.fr\/index.php\/wp-json\/wp\/v2\/types\/product"}],"replies":[{"embeddable":true,"href":"https:\/\/flodesaintbau.fr\/index.php\/wp-json\/wp\/v2\/comments?post=1408"}],"wp:featuredmedia":[{"embeddable":true,"href":"https:\/\/flodesaintbau.fr\/index.php\/wp-json\/wp\/v2\/media\/1499"}],"wp:attachment":[{"href":"https:\/\/flodesaintbau.fr\/index.php\/wp-json\/wp\/v2\/media?parent=1408"}],"wp:term":[{"taxonomy":"product_cat","embeddable":true,"href":"https:\/\/flodesaintbau.fr\/index.php\/wp-json\/wp\/v2\/product_cat?post=1408"},{"taxonomy":"product_tag","embeddable":true,"href":"https:\/\/flodesaintbau.fr\/index.php\/wp-json\/wp\/v2\/product_tag?post=1408"}],"curies":[{"name":"wp","href":"https:\/\/api.w.org\/{rel}","templated":true}]}}