{"id":1234,"date":"2024-06-09T19:44:14","date_gmt":"2024-06-09T17:44:14","guid":{"rendered":"https:\/\/flodesaintbau.fr\/?post_type=product&#038;p=1234"},"modified":"2025-04-04T06:37:24","modified_gmt":"2025-04-04T04:37:24","slug":"le-allblack","status":"publish","type":"product","link":"https:\/\/flodesaintbau.fr\/index.php\/produit\/le-allblack\/","title":{"rendered":"Le AllBlack"},"content":{"rendered":"<p>Le grand classique, qu\u2019on peut tra\u00eener partout\u2026 Le Tote Bag ici sera toujours dans des mati\u00e8res de qualit\u00e9, doubl\u00e9, avec une poche int\u00e9rieure zipp\u00e9e.<\/p>\n<p>&nbsp;<\/p>\n<p>Parce que le noir c&rsquo;est intemporel, voici le AllBlack. Il est en toile \u00e0 sac, une super mati\u00e8re r\u00e9sistante et imperm\u00e9able ; elle se nettoie d&rsquo;un coup d&rsquo;\u00e9ponge.<\/p>\n<p>Un joli passepoil vient d\u00e9corer le sac, des anses argent\u00e9s lui donnent du pep&rsquo;s, et\u00a0 la doublure g\u00e9om\u00e9trique est\u00a0 en coton.<\/p>\n<p>dimensions approximatives : larg 30 cm haut 34 cm prof 10 cm<\/p>\n","protected":false},"excerpt":{"rendered":"<p>Le grand classique, qu\u2019on peut tra\u00eener partout\u2026 Le Tote Bag ici sera toujours dans des mati\u00e8res de qualit\u00e9, doubl\u00e9, avec une poche int\u00e9rieure zipp\u00e9e. &nbsp; Parce que le noir c&rsquo;est intemporel, voici le AllBlack. Il est en toile \u00e0 sac, une super mati\u00e8re r\u00e9sistante et imperm\u00e9able ; elle se nettoie d&rsquo;un coup d&rsquo;\u00e9ponge. Un joli&hellip; <a class=\"more-link\" href=\"https:\/\/flodesaintbau.fr\/index.php\/produit\/le-allblack\/\">Poursuivre la lecture <span class=\"screen-reader-text\">Le AllBlack<\/span><\/a><\/p>\n","protected":false},"featured_media":1235,"comment_status":"open","ping_status":"closed","template":"","meta":[],"product_cat":[21],"product_tag":[],"class_list":{"0":"post-1234","1":"product","2":"type-product","3":"status-publish","4":"has-post-thumbnail","6":"product_cat-le-tote-bag","7":"entry","9":"first","10":"instock","11":"sale","12":"shipping-taxable","13":"purchasable","14":"product-type-simple"},"jetpack_sharing_enabled":true,"_links":{"self":[{"href":"https:\/\/flodesaintbau.fr\/index.php\/wp-json\/wp\/v2\/product\/1234","targetHints":{"allow":["GET"]}}],"collection":[{"href":"https:\/\/flodesaintbau.fr\/index.php\/wp-json\/wp\/v2\/product"}],"about":[{"href":"https:\/\/flodesaintbau.fr\/index.php\/wp-json\/wp\/v2\/types\/product"}],"replies":[{"embeddable":true,"href":"https:\/\/flodesaintbau.fr\/index.php\/wp-json\/wp\/v2\/comments?post=1234"}],"wp:featuredmedia":[{"embeddable":true,"href":"https:\/\/flodesaintbau.fr\/index.php\/wp-json\/wp\/v2\/media\/1235"}],"wp:attachment":[{"href":"https:\/\/flodesaintbau.fr\/index.php\/wp-json\/wp\/v2\/media?parent=1234"}],"wp:term":[{"taxonomy":"product_cat","embeddable":true,"href":"https:\/\/flodesaintbau.fr\/index.php\/wp-json\/wp\/v2\/product_cat?post=1234"},{"taxonomy":"product_tag","embeddable":true,"href":"https:\/\/flodesaintbau.fr\/index.php\/wp-json\/wp\/v2\/product_tag?post=1234"}],"curies":[{"name":"wp","href":"https:\/\/api.w.org\/{rel}","templated":true}]}}