{"id":211,"date":"2024-05-17T17:54:11","date_gmt":"2024-05-17T15:54:11","guid":{"rendered":"https:\/\/flodesaintbau.fr\/?page_id=211"},"modified":"2025-03-02T19:45:23","modified_gmt":"2025-03-02T18:45:23","slug":"elementor-211","status":"publish","type":"page","link":"https:\/\/flodesaintbau.fr\/","title":{"rendered":"Page accueil Elementor"},"content":{"rendered":"\t\t<div data-elementor-type=\"wp-post\" data-elementor-id=\"211\" class=\"elementor elementor-211\">\n\t\t\t\t<div class=\"elementor-element elementor-element-b19a68f e-flex e-con-boxed e-con e-parent\" data-id=\"b19a68f\" data-element_type=\"container\">\n\t\t\t\t\t<div class=\"e-con-inner\">\n\t\t<div class=\"elementor-element elementor-element-6e36b12 e-flex e-con-boxed e-con e-child\" data-id=\"6e36b12\" data-element_type=\"container\">\n\t\t\t\t\t<div class=\"e-con-inner\">\n\t\t\t\t<div class=\"elementor-element elementor-element-2caac3a elementor-widget elementor-widget-image\" data-id=\"2caac3a\" data-element_type=\"widget\" data-widget_type=\"image.default\">\n\t\t\t\t<div class=\"elementor-widget-container\">\n\t\t\t\t\t\t\t\t\t\t\t\t\t<img fetchpriority=\"high\" decoding=\"async\" width=\"300\" height=\"300\" src=\"https:\/\/flodesaintbau.fr\/wp-content\/uploads\/2024\/05\/cropped-cropped-1000025213-300x300.jpg\" class=\"attachment-medium size-medium wp-image-603\" alt=\"\" srcset=\"https:\/\/flodesaintbau.fr\/wp-content\/uploads\/2024\/05\/cropped-cropped-1000025213-300x300.jpg 300w, https:\/\/flodesaintbau.fr\/wp-content\/uploads\/2024\/05\/cropped-cropped-1000025213-450x450.jpg 450w, https:\/\/flodesaintbau.fr\/wp-content\/uploads\/2024\/05\/cropped-cropped-1000025213-100x100.jpg 100w, https:\/\/flodesaintbau.fr\/wp-content\/uploads\/2024\/05\/cropped-cropped-1000025213-150x150.jpg 150w, https:\/\/flodesaintbau.fr\/wp-content\/uploads\/2024\/05\/cropped-cropped-1000025213.jpg 510w\" sizes=\"(max-width: 300px) 100vw, 300px\" style=\"width:100%;height:100.2%;max-width:510px\" \/>\t\t\t\t\t\t\t\t\t\t\t\t\t<\/div>\n\t\t\t\t<\/div>\n\t\t\t\t\t<\/div>\n\t\t\t\t<\/div>\n\t\t\t\t<div class=\"elementor-element elementor-element-7acc8f6 elementor-widget elementor-widget-heading\" data-id=\"7acc8f6\" data-element_type=\"widget\" data-widget_type=\"heading.default\">\n\t\t\t\t<div class=\"elementor-widget-container\">\n\t\t\t<h2 class=\"elementor-heading-title elementor-size-default\">Bienvenue !<\/h2>\t\t<\/div>\n\t\t\t\t<\/div>\n\t\t\t\t\t<\/div>\n\t\t\t\t<\/div>\n\t\t<div class=\"elementor-element elementor-element-dfe58bd e-flex e-con-boxed e-con e-parent\" data-id=\"dfe58bd\" data-element_type=\"container\">\n\t\t\t\t\t<div class=\"e-con-inner\">\n\t\t\t\t<div class=\"elementor-element elementor-element-177873e elementor-widget elementor-widget-text-editor\" data-id=\"177873e\" data-element_type=\"widget\" data-widget_type=\"text-editor.default\">\n\t\t\t\t<div class=\"elementor-widget-container\">\n\t\t\t\t\t\t\t<p>N&rsquo;h\u00e9sitez pas \u00e0 fl\u00e2ner sur le site pour aller voir les nouveaut\u00e9s !!!<\/p>\t\t\t\t\t\t<\/div>\n\t\t\t\t<\/div>\n\t\t\t\t\t<\/div>\n\t\t\t\t<\/div>\n\t\t<div class=\"elementor-element elementor-element-a8778c8 e-grid e-con-boxed e-con e-parent\" data-id=\"a8778c8\" data-element_type=\"container\">\n\t\t\t\t\t<div class=\"e-con-inner\">\n\t\t\t\t<div class=\"elementor-element elementor-element-c4534b9 elementor-widget elementor-widget-text-editor\" data-id=\"c4534b9\" data-element_type=\"widget\" data-widget_type=\"text-editor.default\">\n\t\t\t\t<div class=\"elementor-widget-container\">\n\t\t\t\t\t\t\t<p>Autodidacte, j&rsquo;ai d\u00e9couvert la couture sur le tard. Ce qui \u00e9tait au d\u00e9but un loisir est vite devenu une passion. Je ne savais plus quoi faire de tous ces sacs qui encombraient ma t\u00eate, alors j&rsquo;ai pris une grande d\u00e9cision&#8230;.celle de les r\u00e9aliser et de les vendre.<\/p><p>Vous pourrez donc trouver ici mes cr\u00e9ations personnelles, r\u00e9alis\u00e9es \u00e0 la main et avec passion dans mon atelier de Saint Bauz\u00e9ly dans le Gard.<\/p><p>\u00a0<\/p><p>Chaque sac ou accessoire est r\u00e9alis\u00e9 en un seul exemplaire ou en petite s\u00e9rie.<\/p><p>\u00a0<\/p><p>Vous pouvez \u00e9galement passer commande pour un projet personnalis\u00e9 que nous pr\u00e9parerons ensemble et que je me ferai un grand plaisir \u00e0 r\u00e9aliser.<\/p><p>\u00a0<\/p><p>Acheter une de mes cr\u00e9ations, c&rsquo;est bien entendu valoriser mon travail, mais c&rsquo;est aussi soutenir l&rsquo;artisanat et le made in France.<\/p>\t\t\t\t\t\t<\/div>\n\t\t\t\t<\/div>\n\t\t\t\t\t<\/div>\n\t\t\t\t<\/div>\n\t\t<div class=\"elementor-element elementor-element-2ec6941 e-flex e-con-boxed e-con e-parent\" data-id=\"2ec6941\" data-element_type=\"container\">\n\t\t\t\t\t<div class=\"e-con-inner\">\n\t\t\t\t<div class=\"elementor-element elementor-element-cd1b3ec elementor-widget elementor-widget-heading\" data-id=\"cd1b3ec\" data-element_type=\"widget\" data-widget_type=\"heading.default\">\n\t\t\t\t<div class=\"elementor-widget-container\">\n\t\t\t<h2 class=\"elementor-heading-title elementor-size-default\">Le bonheur, c'est simple comme un sac<\/h2>\t\t<\/div>\n\t\t\t\t<\/div>\n\t\t\t\t\t<\/div>\n\t\t\t\t<\/div>\n\t\t<div class=\"elementor-element elementor-element-fa76fed e-flex e-con-boxed e-con e-parent\" data-id=\"fa76fed\" data-element_type=\"container\">\n\t\t\t\t\t<div class=\"e-con-inner\">\n\t\t\t\t\t<\/div>\n\t\t\t\t<\/div>\n\t\t\t\t<\/div>\n\t\t","protected":false},"excerpt":{"rendered":"<p>Bienvenue ! N&rsquo;h\u00e9sitez pas \u00e0 fl\u00e2ner sur le site pour aller voir les nouveaut\u00e9s !!! Autodidacte, j&rsquo;ai d\u00e9couvert la couture sur le tard. Ce qui \u00e9tait au d\u00e9but un loisir est vite devenu une passion. Je ne savais plus quoi faire de tous ces sacs qui encombraient ma t\u00eate, alors j&rsquo;ai pris une grande d\u00e9cision&#8230;.celle&hellip; <a class=\"more-link\" href=\"https:\/\/flodesaintbau.fr\/\">Poursuivre la lecture <span class=\"screen-reader-text\">Page accueil Elementor<\/span><\/a><\/p>\n","protected":false},"author":1,"featured_media":0,"parent":0,"menu_order":0,"comment_status":"closed","ping_status":"closed","template":"","meta":{"footnotes":""},"class_list":["post-211","page","type-page","status-publish","hentry","entry"],"jetpack_sharing_enabled":true,"_links":{"self":[{"href":"https:\/\/flodesaintbau.fr\/index.php\/wp-json\/wp\/v2\/pages\/211","targetHints":{"allow":["GET"]}}],"collection":[{"href":"https:\/\/flodesaintbau.fr\/index.php\/wp-json\/wp\/v2\/pages"}],"about":[{"href":"https:\/\/flodesaintbau.fr\/index.php\/wp-json\/wp\/v2\/types\/page"}],"author":[{"embeddable":true,"href":"https:\/\/flodesaintbau.fr\/index.php\/wp-json\/wp\/v2\/users\/1"}],"replies":[{"embeddable":true,"href":"https:\/\/flodesaintbau.fr\/index.php\/wp-json\/wp\/v2\/comments?post=211"}],"version-history":[{"count":151,"href":"https:\/\/flodesaintbau.fr\/index.php\/wp-json\/wp\/v2\/pages\/211\/revisions"}],"predecessor-version":[{"id":2244,"href":"https:\/\/flodesaintbau.fr\/index.php\/wp-json\/wp\/v2\/pages\/211\/revisions\/2244"}],"wp:attachment":[{"href":"https:\/\/flodesaintbau.fr\/index.php\/wp-json\/wp\/v2\/media?parent=211"}],"curies":[{"name":"wp","href":"https:\/\/api.w.org\/{rel}","templated":true}]}}